{"id":11899,"date":"2022-06-27T09:43:29","date_gmt":"2022-06-27T07:43:29","guid":{"rendered":"https:\/\/www.nautaran.org\/doc\/%categorias_documentacion%\/auferta-de-trabalh-externa-director-a-camp-de-trabalh-damb-joeni\/"},"modified":"2022-06-27T10:17:58","modified_gmt":"2022-06-27T08:17:58","slug":"auferta-de-trabalh-externa-director-a-camp-de-trabalh-damb-joeni","status":"publish","type":"documentaciones","link":"https:\/\/www.nautaran.org\/es\/doc\/ofertas-de-trabajo-externas\/auferta-de-trabalh-externa-director-a-camp-de-trabalh-damb-joeni\/","title":{"rendered":"Oferta de trabajo externa. Director\/a Campo de Trabajo con j\u00f3venes."},"content":{"rendered":"<h3>Resumen<\/h3>\n<p>La Fundaci\u00f3n Pere Tarr\u00e9s busca un\/una director\/a de tiempo libre para un campo de trabajo con adolescentes del 2 al 16 de julio (pernoctando) en Montesquiu.<br \/>\nFunciones:<\/p>\n<ul>\n<li>Liderar la planificaci\u00f3n de las actividades del campo de trabajo: definici\u00f3n de objetivos educativos, programaci\u00f3n de actividades, etc.<\/li>\n<li>Velar por la buena realizaci\u00f3n de las actividades.<\/li>\n<li>Dinamizaci\u00f3n de la valoraci\u00f3n de la actividad y hacer los informes pertinentes.<\/li>\n<li>Gesti\u00f3n del equipo.<\/li>\n<\/ul>\n<p><a href=\"https:\/\/peretarres.talentclue.com\/ca\/node\/87881479\/42302781\">LINK Oferta Director\/a campo trabajo con j\u00f3venes<\/a><\/p>\n","protected":false},"featured_media":0,"template":"","meta":{"_acf_changed":false,"_et_pb_use_builder":"","_et_pb_old_content":"","_et_gb_content_width":""},"categorias_documentacion":[144],"class_list":["post-11899","documentaciones","type-documentaciones","status-publish","hentry","categorias_documentacion-ofertas-de-trabajo-externas"],"acf":[],"yoast_head":"<!-- This site is optimized with the Yoast SEO plugin v26.8 - https:\/\/yoast.com\/product\/yoast-seo-wordpress\/ -->\n<title>Oferta de trabajo externa. Director\/a Campo de Trabajo con j\u00f3venes. - Ajuntament de Naut Aran<\/title>\n<meta name=\"robots\" content=\"index, follow, max-snippet:-1, max-image-preview:large, max-video-preview:-1\" \/>\n<link rel=\"canonical\" href=\"https:\/\/www.nautaran.org\/es\/doc\/ofertas-de-trabajo-externas\/auferta-de-trabalh-externa-director-a-camp-de-trabalh-damb-joeni\/\" \/>\n<meta property=\"og:locale\" content=\"es_ES\" \/>\n<meta property=\"og:type\" content=\"article\" \/>\n<meta property=\"og:title\" content=\"Oferta de trabajo externa. Director\/a Campo de Trabajo con j\u00f3venes. - Ajuntament de Naut Aran\" \/>\n<meta property=\"og:description\" content=\"Resumen La Fundaci\u00f3n Pere Tarr\u00e9s busca un\/una director\/a de tiempo libre para un campo de trabajo con adolescentes del 2 al 16 de julio (pernoctando) en Montesquiu. Funciones: Liderar la planificaci\u00f3n de las actividades del campo de trabajo: definici\u00f3n de objetivos educativos, programaci\u00f3n de actividades, etc. Velar por la buena realizaci\u00f3n de las actividades. Dinamizaci\u00f3n [&hellip;]\" \/>\n<meta property=\"og:url\" content=\"https:\/\/www.nautaran.org\/es\/doc\/ofertas-de-trabajo-externas\/auferta-de-trabalh-externa-director-a-camp-de-trabalh-damb-joeni\/\" \/>\n<meta property=\"og:site_name\" content=\"Ajuntament de Naut Aran\" \/>\n<meta property=\"article:modified_time\" content=\"2022-06-27T08:17:58+00:00\" \/>\n<meta name=\"twitter:card\" content=\"summary_large_image\" \/>\n<meta name=\"twitter:label1\" content=\"Tiempo de lectura\" \/>\n\t<meta name=\"twitter:data1\" content=\"1 minuto\" \/>\n<script type=\"application\/ld+json\" class=\"yoast-schema-graph\">{\"@context\":\"https:\/\/schema.org\",\"@graph\":[{\"@type\":\"WebPage\",\"@id\":\"https:\/\/www.nautaran.org\/es\/doc\/ofertas-de-trabajo-externas\/auferta-de-trabalh-externa-director-a-camp-de-trabalh-damb-joeni\/\",\"url\":\"https:\/\/www.nautaran.org\/es\/doc\/ofertas-de-trabajo-externas\/auferta-de-trabalh-externa-director-a-camp-de-trabalh-damb-joeni\/\",\"name\":\"Oferta de trabajo externa. Director\/a Campo de Trabajo con j\u00f3venes. - Ajuntament de Naut Aran\",\"isPartOf\":{\"@id\":\"https:\/\/www.nautaran.org\/#website\"},\"datePublished\":\"2022-06-27T07:43:29+00:00\",\"dateModified\":\"2022-06-27T08:17:58+00:00\",\"breadcrumb\":{\"@id\":\"https:\/\/www.nautaran.org\/es\/doc\/ofertas-de-trabajo-externas\/auferta-de-trabalh-externa-director-a-camp-de-trabalh-damb-joeni\/#breadcrumb\"},\"inLanguage\":\"es\",\"potentialAction\":[{\"@type\":\"ReadAction\",\"target\":[\"https:\/\/www.nautaran.org\/es\/doc\/ofertas-de-trabajo-externas\/auferta-de-trabalh-externa-director-a-camp-de-trabalh-damb-joeni\/\"]}]},{\"@type\":\"BreadcrumbList\",\"@id\":\"https:\/\/www.nautaran.org\/es\/doc\/ofertas-de-trabajo-externas\/auferta-de-trabalh-externa-director-a-camp-de-trabalh-damb-joeni\/#breadcrumb\",\"itemListElement\":[{\"@type\":\"ListItem\",\"position\":1,\"name\":\"Portada\",\"item\":\"https:\/\/www.nautaran.org\/es\/home-2\/\"},{\"@type\":\"ListItem\",\"position\":2,\"name\":\"Oferta de trabajo externa. Director\/a Campo de Trabajo con j\u00f3venes.\"}]},{\"@type\":\"WebSite\",\"@id\":\"https:\/\/www.nautaran.org\/#website\",\"url\":\"https:\/\/www.nautaran.org\/\",\"name\":\"Ajuntament de Naut Aran\",\"description\":\"Naut Aran\",\"potentialAction\":[{\"@type\":\"SearchAction\",\"target\":{\"@type\":\"EntryPoint\",\"urlTemplate\":\"https:\/\/www.nautaran.org\/?s={search_term_string}\"},\"query-input\":{\"@type\":\"PropertyValueSpecification\",\"valueRequired\":true,\"valueName\":\"search_term_string\"}}],\"inLanguage\":\"es\"}]}<\/script>\n<!-- \/ Yoast SEO plugin. -->","yoast_head_json":{"title":"Oferta de trabajo externa. Director\/a Campo de Trabajo con j\u00f3venes. - Ajuntament de Naut Aran","robots":{"index":"index","follow":"follow","max-snippet":"max-snippet:-1","max-image-preview":"max-image-preview:large","max-video-preview":"max-video-preview:-1"},"canonical":"https:\/\/www.nautaran.org\/es\/doc\/ofertas-de-trabajo-externas\/auferta-de-trabalh-externa-director-a-camp-de-trabalh-damb-joeni\/","og_locale":"es_ES","og_type":"article","og_title":"Oferta de trabajo externa. Director\/a Campo de Trabajo con j\u00f3venes. - Ajuntament de Naut Aran","og_description":"Resumen La Fundaci\u00f3n Pere Tarr\u00e9s busca un\/una director\/a de tiempo libre para un campo de trabajo con adolescentes del 2 al 16 de julio (pernoctando) en Montesquiu. Funciones: Liderar la planificaci\u00f3n de las actividades del campo de trabajo: definici\u00f3n de objetivos educativos, programaci\u00f3n de actividades, etc. Velar por la buena realizaci\u00f3n de las actividades. Dinamizaci\u00f3n [&hellip;]","og_url":"https:\/\/www.nautaran.org\/es\/doc\/ofertas-de-trabajo-externas\/auferta-de-trabalh-externa-director-a-camp-de-trabalh-damb-joeni\/","og_site_name":"Ajuntament de Naut Aran","article_modified_time":"2022-06-27T08:17:58+00:00","twitter_card":"summary_large_image","twitter_misc":{"Tiempo de lectura":"1 minuto"},"schema":{"@context":"https:\/\/schema.org","@graph":[{"@type":"WebPage","@id":"https:\/\/www.nautaran.org\/es\/doc\/ofertas-de-trabajo-externas\/auferta-de-trabalh-externa-director-a-camp-de-trabalh-damb-joeni\/","url":"https:\/\/www.nautaran.org\/es\/doc\/ofertas-de-trabajo-externas\/auferta-de-trabalh-externa-director-a-camp-de-trabalh-damb-joeni\/","name":"Oferta de trabajo externa. Director\/a Campo de Trabajo con j\u00f3venes. - Ajuntament de Naut Aran","isPartOf":{"@id":"https:\/\/www.nautaran.org\/#website"},"datePublished":"2022-06-27T07:43:29+00:00","dateModified":"2022-06-27T08:17:58+00:00","breadcrumb":{"@id":"https:\/\/www.nautaran.org\/es\/doc\/ofertas-de-trabajo-externas\/auferta-de-trabalh-externa-director-a-camp-de-trabalh-damb-joeni\/#breadcrumb"},"inLanguage":"es","potentialAction":[{"@type":"ReadAction","target":["https:\/\/www.nautaran.org\/es\/doc\/ofertas-de-trabajo-externas\/auferta-de-trabalh-externa-director-a-camp-de-trabalh-damb-joeni\/"]}]},{"@type":"BreadcrumbList","@id":"https:\/\/www.nautaran.org\/es\/doc\/ofertas-de-trabajo-externas\/auferta-de-trabalh-externa-director-a-camp-de-trabalh-damb-joeni\/#breadcrumb","itemListElement":[{"@type":"ListItem","position":1,"name":"Portada","item":"https:\/\/www.nautaran.org\/es\/home-2\/"},{"@type":"ListItem","position":2,"name":"Oferta de trabajo externa. Director\/a Campo de Trabajo con j\u00f3venes."}]},{"@type":"WebSite","@id":"https:\/\/www.nautaran.org\/#website","url":"https:\/\/www.nautaran.org\/","name":"Ajuntament de Naut Aran","description":"Naut Aran","potentialAction":[{"@type":"SearchAction","target":{"@type":"EntryPoint","urlTemplate":"https:\/\/www.nautaran.org\/?s={search_term_string}"},"query-input":{"@type":"PropertyValueSpecification","valueRequired":true,"valueName":"search_term_string"}}],"inLanguage":"es"}]}},"_links":{"self":[{"href":"https:\/\/www.nautaran.org\/es\/wp-json\/wp\/v2\/documentaciones\/11899","targetHints":{"allow":["GET"]}}],"collection":[{"href":"https:\/\/www.nautaran.org\/es\/wp-json\/wp\/v2\/documentaciones"}],"about":[{"href":"https:\/\/www.nautaran.org\/es\/wp-json\/wp\/v2\/types\/documentaciones"}],"wp:attachment":[{"href":"https:\/\/www.nautaran.org\/es\/wp-json\/wp\/v2\/media?parent=11899"}],"wp:term":[{"taxonomy":"categorias_documentacion","embeddable":true,"href":"https:\/\/www.nautaran.org\/es\/wp-json\/wp\/v2\/categorias_documentacion?post=11899"}],"curies":[{"name":"wp","href":"https:\/\/api.w.org\/{rel}","templated":true}]}}

Oferta de trabajo externa. Director/a Campo de Trabajo con jóvenes.

<h3>Resumen</h3>
<p>La Fundación Pere Tarrés busca un/una director/a de tiempo libre para un campo de trabajo con adolescentes del 2 al 16 de julio (pernoctando) en Montesquiu.<br />
Funciones:</p>
<ul>
<li>Liderar la planificación de las actividades del campo de trabajo: definición de objetivos educativos, programación de actividades, etc.</li>
<li>Velar por la buena realización de las actividades.</li>
<li>Dinamización de la valoración de la actividad y hacer los informes pertinentes.</li>
<li>Gestión del equipo.</li>
</ul>
<p><a href="https://peretarres.talentclue.com/ca/node/87881479/42302781">LINK Oferta Director/a campo trabajo con jóvenes</a></p>

<!-- This site is optimized with the Yoast SEO plugin v26.8 - https://yoast.com/product/yoast-seo-wordpress/ -->
<title>Oferta de trabajo externa. Director/a Campo de Trabajo con jóvenes. - Ajuntament de Naut Aran</title>
<meta name="robots" content="index, follow, max-snippet:-1, max-image-preview:large, max-video-preview:-1" />
<link rel="canonical" href="https://www.nautaran.org/es/doc/ofertas-de-trabajo-externas/auferta-de-trabalh-externa-director-a-camp-de-trabalh-damb-joeni/" />
<meta property="og:locale" content="es_ES" />
<meta property="og:type" content="article" />
<meta property="og:title" content="Oferta de trabajo externa. Director/a Campo de Trabajo con jóvenes. - Ajuntament de Naut Aran" />
<meta property="og:description" content="Resumen La Fundación Pere Tarrés busca un/una director/a de tiempo libre para un campo de trabajo con adolescentes del 2 al 16 de julio (pernoctando) en Montesquiu. Funciones: Liderar la planificación de las actividades del campo de trabajo: definición de objetivos educativos, programación de actividades, etc. Velar por la buena realización de las actividades. Dinamización [&hellip;]" />
<meta property="og:url" content="https://www.nautaran.org/es/doc/ofertas-de-trabajo-externas/auferta-de-trabalh-externa-director-a-camp-de-trabalh-damb-joeni/" />
<meta property="og:site_name" content="Ajuntament de Naut Aran" />
<meta property="article:modified_time" content="2022-06-27T08:17:58+00:00" />
<meta name="twitter:card" content="summary_large_image" />
<meta name="twitter:label1" content="Tiempo de lectura" />
	<meta name="twitter:data1" content="1 minuto" />
<script type="application/ld+json" class="yoast-schema-graph">{"@context":"https://schema.org","@graph":[{"@type":"WebPage","@id":"https://www.nautaran.org/es/doc/ofertas-de-trabajo-externas/auferta-de-trabalh-externa-director-a-camp-de-trabalh-damb-joeni/","url":"https://www.nautaran.org/es/doc/ofertas-de-trabajo-externas/auferta-de-trabalh-externa-director-a-camp-de-trabalh-damb-joeni/","name":"Oferta de trabajo externa. Director/a Campo de Trabajo con jóvenes. - Ajuntament de Naut Aran","isPartOf":{"@id":"https://www.nautaran.org/#website"},"datePublished":"2022-06-27T07:43:29+00:00","dateModified":"2022-06-27T08:17:58+00:00","breadcrumb":{"@id":"https://www.nautaran.org/es/doc/ofertas-de-trabajo-externas/auferta-de-trabalh-externa-director-a-camp-de-trabalh-damb-joeni/#breadcrumb"},"inLanguage":"es","potentialAction":[{"@type":"ReadAction","target":["https://www.nautaran.org/es/doc/ofertas-de-trabajo-externas/auferta-de-trabalh-externa-director-a-camp-de-trabalh-damb-joeni/"]}]},{"@type":"BreadcrumbList","@id":"https://www.nautaran.org/es/doc/ofertas-de-trabajo-externas/auferta-de-trabalh-externa-director-a-camp-de-trabalh-damb-joeni/#breadcrumb","itemListElement":[{"@type":"ListItem","position":1,"name":"Portada","item":"https://www.nautaran.org/es/home-2/"},{"@type":"ListItem","position":2,"name":"Oferta de trabajo externa. Director/a Campo de Trabajo con jóvenes."}]},{"@type":"WebSite","@id":"https://www.nautaran.org/#website","url":"https://www.nautaran.org/","name":"Ajuntament de Naut Aran","description":"Naut Aran","potentialAction":[{"@type":"SearchAction","target":{"@type":"EntryPoint","urlTemplate":"https://www.nautaran.org/?s={search_term_string}"},"query-input":{"@type":"PropertyValueSpecification","valueRequired":true,"valueName":"search_term_string"}}],"inLanguage":"es"}]}</script>
<!-- / Yoast SEO plugin. -->

Oferta de trabajo externa. Director/a Campo de Trabajo con jóvenes. - Ajuntament de Naut Aran

Resumen La Fundación Pere Tarrés busca un/una director/a de tiempo libre para un campo de trabajo con adolescentes del 2 al 16 de julio (pernoctando) en Montesquiu. Funciones: Liderar la planificación de las actividades del campo de trabajo: definición de objetivos educativos, programación de actividades, etc. Velar por la buena realización de las actividades. Dinamización [&hellip;]
